 = -136*j, -4*u = -28. Is j prime?
False
Suppose -p - 4*w = -0*w + 14, 5*p - 2*w = 18. Suppose z - 12545 = -4*y - p*z, 2*y - 6283 = -5*z. Suppose 2310 = 4*f - y. Is f composite?
False
Let d be (-36)/9 + 4 - -772. Suppose 9*t - d = 21449. Is t prime?
False
Let s be (0 - 1/2)/((-71)/324044). Is (s/28)/(2/4) a composite number?
False
Suppose 438 = -t - 4*k, 0 = -2*t - 2*t - 2*k - 1780. Let a = -49 - t. Suppose -i = 5*y - 4324, -466 = -y - 2*i + a. Is y a prime number?
False
Let v(l) = 325*l - 18. Let n be v(4). Suppose 5*a + 4*p - 3250 = 0, 2*p = 2*a - 0*a - n. Let j = 7621 + a. Is j prime?
False
Let k = -51133 + 101004. Is k prime?
True
Let u(q) = -3407*q + 2. Let a be (-6)/4 - 2/(-4). Let m be u(a). Suppose -m = -5*k - 2*k. Is k a prime number?
True
Suppose 0 = -o + 21 - 8. Suppose -2*y - 35981 = -o*y. Is y composite?
False
Let p be 9/12*4 + -29. Let w = 49 + p. Suppose 0 = 4*r - 3*r - w. Is r composite?
False
Let p = 10 - 7. Suppose -5*l - 1770 - 2049 = -2*k, -4*l = p*k - 5717. Suppose -k = -8*x + 4181. Is x a prime number?
True
Suppose -5*i - 696 = -i. Let x = i - -248. Is x a prime number?
False
Let g be ((-5)/15 + 10/3)/1. Suppose 3*b = -g*l + 1253 + 859, l = 5*b - 3502. Suppose -3*h = -2*x - b, 3*x - 2*x - 242 = -h. Is h a prime number?
False
Let h = 48 - 45. Suppose 3*j + h*q - 4 = 53, -2*q = -4*j + 82. Is 3838/18 + j/(-90) composite?
True
Let w(z) = 20*z**2 + 37*z - 23. Let a(d) = 7*d**2 + 12*d - 7. Let i(k) = 7*a(k) - 2*w(k). Is i(-8) a prime number?
False
Let a = 810 + 7333. Is a composite?
True
Let g(b) = 3131*b**3 + b**2 + 3*b + 3. Let a be g(-1). Let m = 5973 + a. Suppose 3*p - 460 = m. Is p a prime number?
False
Let v(g) = g**3 - 9*g**2 + 22*g - 19. Let q be v(6). Suppose 0 = 3*z - 8*z + 5*c + 5135, -z + q*c = -1027. Is z a prime number?
False
Suppose 5*r = -5, 0 = 3*z - 6*r + r - 50. Let n be ((-10)/z)/((-4)/8202). Suppose d - n = -0*d. Is d composite?
False
Suppose 0*u = 4*u. Suppose 7*m + m - 3544 = u. Is m a prime number?
True
Is 150746/(-19)*((-260)/8)/13 prime?
False
Let w(n) = -n**3 + 2*n**2 - 2*n + 20. Suppose 2*d + 2*d = -d. Let b be w(d). Is b/(-5)*1262/(-4) a composite number?
True
Let q(v) = -2*v - 3. Let h be q(-3). Suppose -6667 = -u - 2*s, h*u + 13339 = 5*u + 5*s. Suppose 14*a - 17*a + u = 0. Is a composite?
True
Let x = -5418 - -2564. Let y = x + 15927. Is y a prime number?
False
Is ((-21)/(-14))/(5/(-864020))*5/(-10) prime?
False
Let p(h) = -12*h**3 + 12*h**2 - 7*h - 11. Let o be p(11). Let f = -9227 - o. Is f a prime number?
True
Let m(g) = 64611*g + 4045. Is m(6) prime?
True
Suppose 1985*a = 3*k + 1987*a - 3021803, 5*k - 5036287 = 4*a. Is k prime?
False
Suppose 2*z - 5 = -1. Suppose 0 = z*w + 7*w + 6381. Let x = w + 1586. Is x prime?
True
Suppose 260*c - 118325962 + 11016529 - 46993027 = 0. Is c a composite number?
True
Let x be (-128)/24*879/(-4). Suppose f = -5*a + 7*a - x, 0 = 3*a + 2*f - 1765. Is (-22)/4 + 5 + a/2 composite?
False
Let t(o) = 6*o + 33. Let v be t(-5). Suppose -w = 4*b - 17 - 69, -3*w - v*b + 231 = 0. Is w a composite number?
True
Suppose -3*x + 2*u = 0, -4*x + 3*x + 5*u = 0. Suppose x = -13*f + 5*f - 7088. Let w = f - -2359. Is w a composite number?
True
Suppose 2*b + 842 = 2*h, b - 1684 = 5*b + 5*h. Let c = b - -3428. Is c prime?
False
Let z be 132/110*(-1 - (-26)/6). Suppose -12017 = 3*w - 4*w + z*h, -4*w + 5*h = -48013. Let i = w - 3862. Is i a composite number?
True
Let t(y) be the first derivative of -240*y**2 + 11*y + 25. Is t(-4) a composite number?
False
Suppose -3*u + 2*k = -691931, u - 5*k - 38207 = 192415. Is u composite?
False
Let t = -274 + 289. Suppose -6*c + t*c - 693 = 0. Is c prime?
False
Suppose -i + h + 14 = 0, 0 = -8*i + 12*i - 2*h - 54. Suppose 2*g - 9790 = i*v - 15*v, -5*v = -2*g - 24489. Is v a composite number?
True
Suppose 0 = -6*c - 47 + 83. Let q(u) = 17*u**3 - 5*u**2 + 3*u - 5. Is q(c) a prime number?
False
Let o(p) = 10*p**2 + 30*p + 21. Is o(85) a composite number?
False
Let m = 96638 + -22297. Is m a prime number?
False
Let c = -825217 - -1968486. Is c a composite number?
False
Suppose 8*y + 1612208 = 4*u + 4*y, 3*u = -y + 1209168. Is u a prime number?
False
Let i = -49 + 51. Suppose -53 = -i*a - 61. Is (a + 3)/((-3)/18) prime?
False
Let z = -15933 - -44509. Suppose -2*h - 4850 = -z. Is h a composite number?
False
Suppose -5*g = 2*b - 24991, 24988 = 5*g - 18*b + 19*b. Is g a prime number?
False
Suppose 2*a + 10*m - 7*m - 1771600 = 0, 4*a - 3543134 = 5*m. Is a prime?
True
Let i(t) = -128*t + 258*t - 171*t - 169. Is i(-40) composite?
False
Suppose 129*v = 132*v + 252. Is (-106116)/v + -4 + 4/(-14) a prime number?
True
Let x(n) = -15036*n - 233. Is x(-5) a prime number?
False
Let p = 124304 + 56573. Is p composite?
True
Let a be -1 - ((-10)/8)/((-17)/(-136)). Let f(v) = 26*v**2 + 53*v + 26. Is f(a) a composite number?
False
Let z be 34 - ((-8)/28)/((-2)/7). Suppose 3*q + 5*j = 5, -4*j - z = 5*q - 6*j. Is -3 - -2 - q - -483 composite?
False
Let d(v) = 58156*v - 1. Let q be d(1). Suppose 214*l = 211*l + q. Is l composite?
True
Suppose 3*t = -o - 38468, 3*t - 4*o + 29875 = -8598. Let s = t + 36710. Is s composite?
False
Suppose -26393579 = -370*u + 329*u - 1028068. Is u a composite number?
False
Let y(u) = -247*u**2 + 275*u**2 + 1 + 18*u + 0*u. Is y(6) prime?
True
Let k = 6 + -3. Suppose -9*l + k*l = -1488. Suppose -3*w + 2009 = l. Is w a prime number?
True
Suppose 2*r + 54 = 2*u - 62, 2*u - 124 = -2*r. Suppose 4*a = 2*x + 82, 2*a - 15 = -x + 20. Let y = u + a. Is y composite?
False
Let a(j) = -257*j - 959. Is a(-30) a composite number?
True
Suppose 0 = -0*w + 4*w - 1380. Suppose -5*i = -5*t - 3*i + 88, -3*t - 4*i + 32 = 0. Let j = w + t. Is j composite?
True
Let k be (43972/(-6))/(-1*12/18). Let u = k + -5972. Is u a composite number?
False
Suppose 3*g = -4*x + 4427, -386 = 2*g - x - 3341. Let n = 2954 - g. Is n prime?
False
Let g = -3495 - -2128. Is -1*(2 + g + 4) a composite number?
False
Let w(y) be the first derivative of 7*y**3/3 - 49*y**2/2 + 13*y + 156. Is w(-11) composite?
False
Let r(a) = 2442*a**2 + 63*a + 62. Is r(13) composite?
False
Let f(n) = 1146*n + 11. Is f(27) a prime number?
False
Let a(v) = 257*v**3 + 28*v**2 + 50*v - 262. Is a(9) composite?
True
Let l(m) = m**3 + 10*m**2 + 15*m - 5. Let z be l(-8). Suppose 8*u + 3*g = 3*u + 5579, -z*g = -u + 1123. Is u prime?
True
Suppose 99*m = 94*m - 3995. Let n = m + 1472. Is n a composite number?
False
Let x = 3550 + -12016. Let a = -6019 - x. Is a a prime number?
True
Suppose 4*s - 2*t - 2163809 = -7*t, 1081887 = 2*s + 5*t. Is s a composite number?
False
Let x(c) = c**3 - 21*c**2 - 23*c + 12. Let k be (1 + 441/(-27))*(-6)/4. Is x(k) a prime number?
True
Let h(p) = p + 8. Let r be h(-8). Suppose -5*d + 19074 = 3*u, r*d - 3*u + 3822 = d. Suppose 5*o - 2042 = d. Is o a prime number?
True
Suppose -6*p - 6 - 54 = 0. Let g(d) = 31*d**2 - 6*d - 2. Is g(p) prime?
False
Suppose -4*l = 28, 2291*t = 2293*t - 2*l - 132708. Is t a prime number?
True
Let a(q) = 8*q**2 + 11*q + 94. Let f be a(-10). Let r(k) = -418*k**2 - 2*k - 1. Let i be r(-1). Let c = f + i. Is c prime?
True
Suppose 17*v = 22*v. Let u be v/((0 - 3)/((-33)/(-22))). Suppose 3*a = 8*a + c - 3118, u = 4*a + 4*c - 2504. Is a composite?
True
Let n = 36 - 10. Suppose -5*t + 0 = -i - n, 0 = 3*i - 12. Let r(c) = -c**3 + 11*c**2 + c - 7. Is r(t) composite?
False
Is ((-833)/238)/(231156/(-115576) - -2) composite?
True
Is (-17)/(-85) + 0 + (-17379270)/(-25) prime?
True
Let t(s) = -9*s**3 + 6*s**2 + 14*s - 140. Is t(-19) composite?
True
Let r be (-9)/(-4) - (-2)/(-8). Suppose -7683 = -3*f + r*d, -17440 = -5*f + 5*d - 4630. Is f a prime number?
False
Let v(g) = -2657*g - 881. Is v(-16) a composite number?
True
Let m = -413 + 413. Suppose 2*u - 5*o - 11026 = m, 3*o - 4*o + 11026 = 2*u. Is u composite?
True
Let s(y) = y - 20. Let p be s(20). Is (-1061 - p)*6/(-17 - -11) prime?
True
Let a = -74 - -151. Suppose -3*l - 57 = -3*q, -a = -4*q + 3*l + 2*l. Is 24954/q + 4/(-3) composite?
True
Let d(v) = v**3 + 5*v**2 - v - 20. Let z = -154 - -150. Let s be d(z). Suppose s*f + 1917 = m - 4*f, -3*m + 5699 = f. Is m prime?
True
Let o(c) = 5115*c - 74. Let w be o(-1). Let r = w + 28282. Is r a prime number?
False
Let y = 74 + 167. Let a = y - -202. Is a prime?
True
Let w(j) = 4